ivided by x.
24
Suppose 2*d = -0 + 14. What is the remainder when d is divided by 3?
1
Suppose 0 = 10*m - 12*m + 318. Calculate the remainder when m is divided by 41.
36
Let c(o) = 2*o + 5. What is the remainder when 51 is divided by c(4)?
12
Suppose 526 = 5*k - 2*l, -3*k + 2*l + 310 = -2*l. Suppose -k = 5*j - 336. Calculate the remainder when j is divided by 16.
14
Suppose 51 + 260 = 2*v - 5*a, -582 = -4*v + 2*a. What is the remainder when v is divided by 18?
17
Calculate the remainder when (16/6)/(4/12) is divided by 5.
3
Suppose -5*g = 2 + 13. Let r = 0 - g. Suppose -r*x + 124 = 1. What is the remainder when x is divided by 14?
13
Let z = 21 - 16. Suppose 0 = z*w - 113 - 32. What is the remainder when w is divided by 16?
13
Let o = -5 + 13. Suppose 4*m - o = 2*m. Calculate the remainder when (-41)/(-4) + 6/(-24) is divided by m.
2
Suppose -67 = -5*d + 8. Let n = -42 + d. Let y = n + 68. What is the remainder when y is divided by 11?
8
Let d = 4 + 1. Calculate the remainder when d is divided by 2.
1
Suppose -4*k = -5*g - 14, -2*g - 10 = 2*k + 10. What is the remainder when ((-4)/g)/((-14)/(-2373)) is divided by 29?
26
Calculate the remainder when (-24)/2*(-45)/30 is divided by 10.
8
Suppose -2*i - 174 = -4*z, -7 = -z - 2*i + 49. What is the remainder when z is divided by 10?
6
Let k = 6 + 1. What is the remainder when 19 is divided by k?
5
Let j(r) = 11*r - 12. Let b(w) = -4*w + 4. Let f(q) = 8*b(q) + 3*j(q). Let y be f(0). What is the remainder when y/(-6) + 330/18 is divided by 7?
5
Suppose 0*a + 2*b - 72 = -5*a, -32 = -3*a - 4*b. Suppose -o = -3*o, -3*o - 84 = r. Let g = -37 - r. What is the remainder when g is divided by a?
15
Suppose 2*l + 4*v = 26, 0 = -5*l + 2*v - 0*v + 17. Suppose 115 = 5*t + l*n, 4*n = -0*t + 3*t - 83. Calculate the remainder when t is divided by 13.
12
Let o be (-4)/12 + (-20)/(-6). Suppose -17 = -o*c + 145. Calculate the remainder when c is divided by 11.
10
Let v(f) = 4*f**3 + 14*f**2 + 5*f - 6. Let d(q) = 5*q**3 + 15*q**2 + 6*q - 6. Let i(j) = -5*d(j) + 6*v(j). What is the remainder when i(8) is divided by 20?
18
Let a(k) = 11*k**2 + k - 1. What is the remainder when a(2) is divided by 16?
13
Suppose 5*n + 3*i = -0*i + 72, 5*i - 25 = -2*n. What is the remainder when 56 is divided by n?
11
Let f = 19 + 5. Calculate the remainder when 93 is divided by f.
21
Suppose 2*f = 4*x + 36, -4*f - x = -5*f + 18. Calculate the remainder when 86 is divided by f.
14
Let b = 20 + -14. Suppose -3*z - 60 = -3*v + 75, 3*z + b = 0. What is the remainder when v is divided by 15?
13
Suppose -o = -p - 295, -3*o + 315 = p - 562. Calculate the remainder when o is divided by 49.
48
Let p(q) be the first derivative of 5*q**3 - q**2/2 - q - 3. What is the remainder when p(-2) is divided by 21?
19
What is the remainder when (-1870)/(-25) - 5/(-25) is divided by 20?
15
Let d(n) = n**3 - 7*n**2 + n - 3. Suppose 2*o = 4*z - 40, 0*z = z - 3*o - 20. What is the remainder when d(z) is divided by 18?
15
Calculate the remainder when 86 - (12/(-16) + (-2)/8) is divided by 22.
21
Calculate the remainder when 83/3 - -1*2/6 is divided by 16.
12
Let l be (0 + -2)*(-24)/(-4). Let n be 50/3*l/(-10). Suppose 2*o - b = 24 + 16, 5*b + n = o. Calculate the remainder when o is divided by 11.
9
Suppose -3*c + 0*c - 12 = 0. Let s be -26*2/c - 0. Let g = 18 + s. What is the remainder when g is divided by 16?
15
Suppose 4*r - 84 = -4*w, r + w - 9 = -4*w. Calculate the remainder when r is divided by 14.
10
Calculate the remainder when (0 - 1)*1*(2 + -109) is divided by 55.
52
Let r(x) = x**2 + 2*x - 27. Let m(l) = 5*l + 8. Let n(b) = 14*b + 23. Let q(o) = -8*m(o) + 3*n(o). What is the remainder when q(4) is divided by r(-7)?
5
Suppose 2*l - 1 = 1, 4*n + 2*l - 262 = 0. Suppose u - 9 - 8 = 0. What is the remainder when n is divided by u?
14
Suppose 0 = v - 2*r - 28, -4*v + 117 = -3*r. Let x = -17 + v. What is the remainder when x is divided by (-120)/(-16) - (-6 + (-77)/(-14))?
5
Let y(p) = -p**3 + 9*p**2 + 8*p - 19. Calculate the remainder when 156 is divided by y(9).
50
Let o be 4/22 - 10/55. Suppose o = -2*c - 2 + 6. Suppose -c*j - 145 = -7*j. Calculate the remainder when j is divided by 15.
14
Let i(b) = -b**3 - 10*b**2 + 14. What is the remainder when 23 is divided by i(-10)?
9
Let x(y) = 4*y**2 - 2*y - 1. What is the remainder when 31 is divided by x(2)?
9
Suppose 22 = 9*l + 2*l. What is the remainder when 4 is divided by l?
0
Let a(w) = -2*w - 9. What is the remainder when 34 is divided by a(-9)?
7
Let q = 29 + 21. Suppose 3*y - 2*s - 3*s - q = 0, 5 = -5*s. Let t(h) = h**3 + 5*h**2 + h - 4. Calculate the remainder when y is divided by t(-4).
7
Suppose -5*b = -3*h - h - 4, -3*b = 2*h + 24. Let v(f) = f - 1. Let y(w) = w + 6. Let k(x) = -v(x) - y(x). What is the remainder when k(h) is divided by 3?
1
Suppose 2*l + 2*l - 20 = 0. Let j = -8 + 10. Suppose n + 2*n - 3*y - 9 = 0, -j*y = 4*n - 6. Calculate the remainder when l is divided by n.
1
Suppose 4*r + 4 = -4, -5*r = 2*p - 324. What is the remainder when p is divided by 21?
20
Let i = -2 - 14. Let d = -9 - i. Calculate the remainder when 25 is divided by d.
4
Suppose 0*d = -5*d + 410. Let u = d - 33. What is the remainder when u is divided by 17?
15
Let r be -7 - (2 + 6)/4. Let v = r - -13. Suppose 3*c = 5*w - 1 + 5, 4*w - 16 = -4*c. What is the remainder when v is divided by c?
1
Let t(a) = -a - 5. Let o(p) = -5. Let r(k) = 5*o(k) - 4*t(k). What is the remainder when (-135)/(-6)*2 - 1 is divided by r(5)?
14
Suppose 51 = -4*n - 5*g, -6 = 5*g + 9. Let p = 7 - n. Let a(y) = 8*y - 1. Calculate the remainder when a(6) is divided by p.
15
Let a = -25 + 27. Calculate the remainder when 10 is divided by a.
0
Let d be -4*15/(-18)*-3. Let f(y) = -6*y. Let o be f(-3). Let w = o + d. What is the remainder when 22 is divided by w?
6
Calculate the remainder when -10 + 13 - 1*-3 is divided by 5.
1
Suppose -2*p + 3*p + 3*s = 17, 3*p = 4*s + 103. What is the remainder when p is divided by 16?
13
Let x(a) = a**3 + a**2 - 1. Let c = -81 + 85. Calculate the remainder when x(2) is divided by c.
3
Suppose -3*i + 10 + 8 = 0. Let r = 4 - -14. Suppose -25 = -4*m - 3*b, -5*b + 3*b = 3*m - r. What is the remainder when i is divided by m?
2
Let t = -25 - -42. Calculate the remainder when 50 is divided by t.
16
Suppose k - 9 = -q, 0 = -5*q - 3*k - 1 + 52. Calculate the remainder when 119 is divided by q.
11
Suppose -x = -5*x + 24. Suppose 0*u + 5*u = 10. Suppose u*k - 2 = k. Calculate the remainder when x is divided by k.
0
Let v = 2 - 0. Suppose 2*h - 5*j - 1 = -v, j + 27 = -3*h. Let i = -3 - h. What is the remainder when 14 is divided by i?
4
Let b(o) = -2*o**2 - 5*o - 2. Let j be b(-3). Let y = 8 + j. Suppose -y + 18 = -3*l, l = 4*k - 117. Calculate the remainder when k is divided by 10.
8
Calculate the remainder when 20 is divided by (-132)/24*2*-1.
9
Suppose -2*t - t + 7 = 2*h, -2*h = -5*t - 31. Suppose d + 4*r = 44, 6*d - 2*d - 154 = -5*r. What is the remainder when d is divided by h?
4
Let z = 14 + -1. Calculate the remainder when z is divided by 5.
3
Suppose s + 120 = 2*s. Suppose 48 - s = -4*l. Calculate the remainder when 52 is divided by l.
16
Let i = 15 - 9. Let n = -93 + 54. Let j = n - -55. What is the remainder when j is divided by i?
4
Let l(n) = -n**2 - n + 29. Suppose 4*g - 1 - 35 = -2*k, 14 = g - 2*k. Calculate the remainder when l(0) is divided by g.
9
Suppose -2*c + 48 = c. Suppose -5*y + 104 - 14 = 0. Suppose 0 = -n - n + y. What is the remainder when c is divided by n?
7
Suppose 12 = -3*f + 21. What is the remainder when 10 is divided by f?
1
Let s(p) = 11*p - 1. Calculate the remainder when s(1) is divided by 3.
1
What is the remainder when (18 + -1)/((-14)/(-56)) is divided by 14?
12
Let m(r) = r**3 + 5*r**2 - r - 1. Let t = 11 + -15. What is the remainder when m(t) is divided by 5?
4
Let w(r) = r**2 + 9*r + 1. Calculate the remainder when w(-9) is divided by 1.
0
Let c = -36 - -55. What is the remainder when 93 is divided by c?
17
Suppose 0*m = 4*m. Suppose m = -2*d + d + 3. What is the remainder when 11 + (-1 + 7)/(-2) is divided by d?
2
Let h = -16 - -28. Let d(z) = -48*z - 2. What is the remainder when d(-1) is divided by h?
10
Calculate the remainder when (-86)/3*(-18)/12 is divided by 11.
10
What is the